
-4 (base 12) to base 2
-100
What is -12 (base 15) in base 8?
-21
What is c3 (base 14) in base 9?
210
-a3 (base 11) to base 9
-135
Convert 25 (base 12) to base 8.
35
What is -11 (base 8) in base 12?
-9
-1 (base 14) to base 10
-1
Convert 50 (base 7) to base 5.
120
-2 (base 7) to base 15
-2
111 (base 2) to base 12
7
-13 (base 6) to base 12
-9
-185 (base 12) to base 8
-365
What is 22 (base 3) in base 6?
12
-1 (base 14) to base 15
-1
420 (base 6) to base 5
1111
Convert -4 (base 8) to base 5.
-4
What is -1 (base 13) in base 5?
-1
Convert -10 (base 3) to base 9.
-3
110 (base 2) to base 14
6
-3 (base 7) to base 12
-3
3 (base 5) to base 12
3
What is -3 (base 5) in base 8?
-3
Convert 20221 (base 3) to base 15.
c7
What is 22 (base 3) in base 5?
13
-7 (base 15) to base 9
-7
What is 1a (base 13) in base 12?
1b
Convert -1 (base 6) to base 13.
-1
Convert 0 (base 12) to base 9.
0
41 (base 12) to base 10
49
What is -4 (base 8) in base 16?
-4
What is -13 (base 9) in base 15?
-c
What is 4 (base 13) in base 7?
4
What is 11100101 (base 2) in base 6?
1021
Convert 2 (base 16) to base 15.
2
What is -77 (base 16) in base 8?
-167
Convert aa (base 15) to base 8.
240
What is -13 (base 9) in base 12?
-10
What is 5 (base 13) in base 3?
12
What is -113 (base 8) in base 9?
-83
Convert 0 (base 10) to base 12.
0
What is -223 (base 12) in base 8?
-473
What is -54 (base 8) in base 13?
-35
-3302 (base 4) to base 2
-11110010
What is -242 (base 5) in base 15?
-4c
-3 (base 12) to base 7
-3
-1 (base 16) to base 11
-1
What is 4 (base 5) in base 16?
4
What is 42 (base 7) in base 16?
1e
10 (base 13) to base 7
16
1 (base 12) to base 10
1
Convert 47 (base 9) to base 11.
3a
-1010 (base 2) to base 15
-a
Convert 513 (base 6) to base 12.
139
What is -6 (base 11) in base 4?
-12
Convert 0 (base 16) to base 11.
0
What is -100 (base 2) in base 12?
-4
Convert -42 (base 11) to base 10.
-46
Convert -2 (base 14) to base 2.
-10
Convert 59 (base 15) to base 8.
124
5 (base 12) to base 16
5
Convert 113 (base 6) to base 2.
101101
What is -12 (base 6) in base 13?
-8
What is -1 (base 6) in base 4?
-1
Convert -1ca (base 15) to base 10.
-415
Convert 3 (base 6) to base 15.
3
1 (base 13) to base 11
1
-1 (base 6) to base 8
-1
Convert -b (base 16) to base 12.
-b
What is 2 (base 13) in base 8?
2
Convert 8 (base 11) to base 7.
11
Convert -300 (base 7) to base 12.
-103
What is 50 (base 7) in base 11?
32
Convert -25 (base 7) to base 2.
-10011
What is -114 (base 5) in base 15?
-24
Convert -101010001 (base 2) to base 10.
-337
10011 (base 2) to base 5
34
Convert 129 (base 10) to base 13.
9c
What is -50 (base 6) in base 7?
-42
2 (base 15) to base 10
2
Convert 6 (base 9) to base 7.
6
What is 4a (base 14) in base 12?
56
Convert 97 (base 10) to base 15.
67
What is 100011 (base 2) in base 8?
43
Convert -6 (base 7) to base 3.
-20
203 (base 6) to base 7
135
-96 (base 10) to base 14
-6c
1 (base 4) to base 12
1
37 (base 11) to base 15
2a
Convert 10 (base 2) to base 9.
2
4 (base 7) to base 12
4
-2 (base 8) to base 15
-2
Convert 266 (base 8) to base 13.
110
What is 140 (base 14) in base 7?
510
1 (base 7) to base 13
1
Convert -2 (base 6) to base 14.
-2
-1 (base 3) to base 15
-1
What is -1 (base 3) in base 7?
-1
Convert -1 (base 9) to base 11.
-1
Convert -5 (base 10) to base 6.
-5
What is -1 (base 8) in base 9?
-1
-12 (base 16) to base 6
-30
Convert 3c (base 16) to base 3.
2020
What is 0 (base 11) in base 9?
0
Convert -51 (base 12) to base 16.
-3d
Convert -141 (base 9) to base 14.
-86
What is 4 (base 11) in base 9?
4
Convert 7e (base 16) to base 6.
330
What is -23 (base 13) in base 15?
-1e
Convert 74 (base 10) to base 4.
1022
Convert 5 (base 10) to base 6.
5
52 (base 7) to base 2
100101
What is -67 (base 10) in base 12?
-57
Convert -1011100 (base 2) to base 4.
-1130
Convert 14 (base 16) to base 15.
15
What is 31 (base 5) in base 11?
15
-3 (base 10) to base 8
-3
1 (base 2) to base 6
1
-23 (base 10) to base 12
-1b
What is -8 (base 9) in base 2?
-1000
What is -11 (base 7) in base 13?
-8
Convert 1020 (base 4) to base 3.
2200
-2a (base 14) to base 12
-32
40 (base 14) to base 2
111000
-4b (base 13) to base 5
-223
101 (base 4) to base 12
15
-5 (base 14) to base 11
-5
10 (base 3) to base 13
3
What is c (base 13) in base 16?
c
Convert 8 (base 14) to base 9.
8
-11 (base 5) to base 6
-10
Convert -b (base 12) to base 5.
-21
What is -11 (base 3) in base 7?
-4
151 (base 6) to base 8
103
What is 46 (base 9) in base 5?
132
Convert 100 (base 4) to base 13.
13
Convert 7 (base 16) to base 10.
7
Convert 5 (base 10) to base 2.
101
What is 1155 (base 6) in base 9?
348
-1 (base 8) to base 11
-1
Convert 38 (base 10) to base 13.
2c
Convert -23 (base 8) to base 5.
-34
What is -ac (base 16) in base 7?
-334
-10 (base 6) to base 16
-6
Convert -2211 (base 3) to base 16.
-4c
Convert -2 (base 4) to base 6.
-2
211 (base 4) to base 5
122
Convert -4 (base 16) to base 3.
-11
Convert -76 (base 14) to base 16.
-68
What is -101 (base 5) in base 11?
-24
-1 (base 3) to base 9
-1
20 (base 10) to base 4
110
34 (base 8) to base 5
103
Convert -60 (base 9) to base 10.
-54
110 (base 2) to base 13
6
What is 3 (base 15) in base 4?
3
What is -3 (base 6) in base 3?
-10
What is -1050 (base 6) in base 14?
-138
Convert 10001 (base 2) to base 14.
13
Convert 72 (base 9) to base 3.
2102
Convert -275 (base 11) to base 16.
-144
1 (base 13) to base 12
1
Convert 57 (base 15) to base 13.
64
-14 (base 15) to base 5
-34
What is e (base 16) in base 13?
11
What is -155 (base 6) in base 8?
-107
-2 (base 14) to base 5
-2
What is 461 (base 8) in base 11?
258
-173 (base 9) to base 3
-12110
Convert -1 (base 15) to base 2.
-1
-2211 (base 3) to base 14
-56
-6 (base 14) to base 12
-6
Convert -8 (base 9) to base 5.
-13
Convert -1123 (base 4) to base 10.
-91
What is b (base 14) in base 12?
b
What is -2 (base 7) in base 8?
-2
What is 8 (base 11) in base 6?
12
25 (base 12) to base 16
1d
1 (base 4) to base 9
1
What is -47 (base 14) in base 16?
-3f
Convert 64 (base 10) to base 13.
4c
Convert -10011 (base 2) to base 11.
-18
What is -3 (base 12) in base 2?
-11
Convert 222 (base 13) to base 14.
1c2
5 (base 15) to base 14
5
Convert -113 (base 9) to base 13.
-72
-2 (base 11) to base 16
-2
Convert 414 (base 5) to base 11.
9a
Convert -b (base 12) to base 15.
-b
Convert 0 (base 9) to base 15.
0
Convert 6 (base 7) to base 3.
20
-3 (base 7) to base 9
-3
What is -44 (base 6) in base 11?
-26
What is 1b (base 13) in base 2?
11000
4b (base 13) to base 2
111111
What is 44 (base 5) in base 2?
11000
What is 239 (base 10) in base 11?
1a8
312 (base 4) to base 9
60
What is -22 (base 9) in base 13?
-17
-100111 (base 2) to base 7
-54
What is 0 (base 14) in base 10?
0
-1a (base 13) to base 3
-212
What is -100 (base 2) in base 3?
-11
Convert 43 (base 5) to base 7.
32
-5 (base 7) to base 9
-5
Convert -71 (base 8) to base 4.
-321
What is 1 (base 11) in base 10?
1
What is 9 (base 11) in base 4?
21
Convert 67 (base 9) to base 2.
111101
Convert 3003 (base 5) to base 11.
314
What is 59 (base 10) in base 14?
43
1 (base 3) to base 16
1
Convert -8 (base 10) to base 2.
-1000
What is b (base 15) in base 14?
b
4 (base 10) to base 15
4
What is -522 (base 6) in base 12?
-142
66 (base 10) to base 14
4a
3 (base 7) to base 10
3
-1 (base 7) to base 6
-1
1 (base 4) to base 9
1
Convert -1111 (base 3) to base 14.
-2c
-3 (base 16) to base 9
-3
-14 (base 13) to base 5
-32
-2 (base 8) to base 12
-2
What is 9d (base 15) in base 3?
12111
Convert -44 (base 8) to base 16.
-24
Convert 214 (base 5) to base 3.
2012
Convert -10 (base 3) to base 12.
-3
Convert 7 (base 11) to base 3.
21
Convert -111 (base 2) to base 16.
-7
-45 (base 7) to base 15
-23
What is 33 (base 12) in base 15?
29
5 (base 16) to base 5
10
10011010 (base 2) to base 7
310
Convert 10 (base 5) to base 9.
5
Convert 651 (base 7) to base 11.
280
Convert 11b (base 16) to base 2.
100011011
Convert -11 (base 3) to base 9.
-4
What is 12 (base 5) in base 8?
7
Convert -11011 (base 3) to base 6.
-304
43 (base 6) to base 10
27
What is -9 (base 11) in base 9?
-10
102 (base 5) to base 8
33
-2 (base 6) to base 3
-2
Convert -2 (base 10) to base 13.
-2
1 (base 4) to base 8
1
-73 (base 15) to base 7
-213
Convert 75 (base 9) to base 11.
62
-1 (base 4) to base 7
-1
Convert -2 (base 13) to base 5.
-2
Convert -1100